**2 - 5*a - 8. Suppose -14 + 11 = n. What are the prime factors of o(n)?
2, 29
Suppose -4*j - 3024 = -2*n, 7*j - 8 = 5*j. List the prime factors of (-18)/(-15)*(n/6 - 0).
2, 19
Let n be (-18)/(-12)*(155 + -1) + 1. Suppose 4*c + 218 = 6*c - 5*r, 2*r = -2*c + n. List the prime factors of c/(-399) - (-1 + 905/(-7)).
2, 5, 13
Suppose 0 = 4*d - 4, 5*p + 4*d = -16. Let y be 1 + p/4 + 5. Suppose 11*f - y*f = 504. List the prime factors of f.
2, 3, 7
Let r(d) = -12*d**2 - 48*d + 2. Let c be r(-4). Suppose 0 = 2*x - 2*w - 1416, -c*w - 196 + 2345 = 3*x. List the prime factors of x.
23, 31
Suppose 44*m - 447068 - 113892 - 136924 = 0. List the prime factors of m.
3, 17, 311
Let o(s) = -18*s**3 - 7*s**2 - 5*s + 4. Let f(x) = -2*x**2 - 2*x + 1. Let k be f(-2). List the prime factors of o(k).
2, 13, 17
Suppose -12*q + 36 + 12 = 0. Let r(c) = 68*c - 80. List the prime factors of r(q).
2, 3
Let s = -9601 + 12335. What are the prime factors of s?
2, 1367
Let j(p) = 22*p**2 + 89*p - 1266. List the prime factors of j(22).
2, 3, 5, 7
Let r be (-6)/(-9) - 30/(-9). Suppose -r = -3*s + 2. List the prime factors of (-2)/s + 54/1.
53
Suppose 95*q = 93*q - 12, 3*q + 47055 = 3*s. What are the prime factors of s?
15679
Let t(i) = -2*i - i + 10*i**2 + 28 - 18*i**2 + 12*i**2. List the prime factors of t(13).
5, 7, 19
Suppose -3*c = -2*b - 6, 0*c + 2*b - 8 = -4*c. Suppose -c + 0 = x. Let o(v) = -5*v**3 + 5*v**2 + 3*v. What are the prime factors of o(x)?
2, 3
Suppose 6*n + 6 = 3*n. Let p be (n - -1)*3 - -267. Suppose -3*r = r - p. What are the prime factors of r?
2, 3, 11
Let y(j) = 7*j**3 - j**2 - 11*j + 44. Let m be y(4). Suppose 2*k - 1646 = -m. What are the prime factors of k?
607
Let y = 17795 + -2270. What are the prime factors of y?
3, 5, 23
Let c = -2670 - -5576. What are the prime factors of c?
2, 1453
Suppose 4*i + 4*p - 64060 = 0, 16*i - 12*i - 2*p - 64018 = 0. What are the prime factors of i?
2, 3, 23, 29
Let y be (0 - 0)/4 - -70. Suppose 154*a = 149*a - y. Let g(w) = -w**2 - 19*w - 4. What are the prime factors of g(a)?
2, 3, 11
Let o(g) = 991*g + 1986. What are the prime factors of o(22)?
2, 19, 313
Let s = 158 - 146. List the prime factors of (-6 + 90/s)*174.
3, 29
Suppose 19*s - 212773 = 59535. List the prime factors of s.
2, 3583
Suppose -4*z + h = 9, -2*z + h + 9 = -4*z. Let n(x) = -21*x**3 + 4*x**2 + 9*x + 10. List the prime factors of n(z).
2, 293
Let v(p) be the first derivative of 33*p**2/2 - 5*p + 1. Let i be (-2)/7*28/(-4). What are the prime factors of v(i)?
61
Let l = 532 + -528. Suppose l*s + 498 = 3*v, 5*s = 2*v - 345 + 6. What are the prime factors of v?
2, 3
Let z(v) = -2*v**3 - 20*v**2 - 5*v. Let b be z(-9). Let x be 50/(-18) + 26/b. List the prime factors of 36 + -1 - ((x - -2) + -1).
37
What are the prime factors of (1218/63)/(14/747) + (-3)/(-7)?
2, 3, 43
Suppose 0 = -2*v + g + 74, 0 = -0*v + v + g - 40. List the prime factors of v/76 - (-3)/2.
2
Let j(s) = 116*s**2 - 6*s + 9. Let l be 6*(-2 - (-7)/3). List the prime factors of j(l).
461
Let b = 189 - 704. Let d = 916 + b. List the prime factors of d.
401
Let b = 108045 + -18981. Let v = b - 53415. List the prime factors of (-1)/4 - (v/(-36))/17.
2, 29
Suppose -4*a + 7937 = 3*k - 8059, 0 = -4*k - 3*a + 21335. What are the prime factors of k?
2, 23, 29
Let v be -47*(6/(-2) + 2). Suppose v*y - 42*y = 615. List the prime factors of y.
3, 41
Let h(l) = -l**3 - 5*l**2 - 3*l + 5. Let t be h(-9). Let q = 387 - t. List the prime factors of q.
31
Let i be 12/27*60/(-8)*-9. Let p be 7/(-28) - i/8. What are the prime factors of p*((-28)/(-8))/(-7)?
2
Let h be (-102)/10 + 52/260. Let w(a) = -11*a**2 + 0*a**3 - a**3 + 0*a + 28 - 11*a. List the prime factors of w(h).
2, 19
Let s = 112425 - 34711. What are the prime factors of s?
2, 7, 13, 61
Let v = -73 - -87. Let r = v - -92. Let j = r + -65. What are the prime factors of j?
41
Let t be (-6)/(-3)*30/20 + -1. Suppose -3*i = t*z - 1070, -5*z + 1447 + 1228 = 3*i. What are the prime factors of z?
5, 107
Suppose 0 = 2*t, -t + 30 = 30*b - 27*b. Suppose -4328 = -b*u + 2*u. What are the prime factors of u?
541
Let p(j) = -9*j - 28. Let d be p(-5). Suppose 0 = 12*x - d*x + 8135. What are the prime factors of x?
1627
Suppose 1131*t - 1323098 = 1085*t. What are the prime factors of t?
7, 587
Let a(y) = -y**3 + 5*y**2 + 9*y - 6. Let u be a(6). Let g = u - 12. Suppose 135 = -g*k + 3*k. List the prime factors of k.
3, 5
Let y(u) = -17*u**3 + 6*u**2 - 38*u + 73. List the prime factors of y(-13).
2, 5, 17, 229
Let w be 9 - 0 - (-28 + 26). Suppose w*q - 316 = 7*q. List the prime factors of q.
79
Let j = -93 - -136. Suppose 0 = -j*q + 48*q - 1245. What are the prime factors of q?
3, 83
Suppose -36*g = -40*g + p + 102577, 5*g + 4*p - 128216 = 0. What are the prime factors of g?
2, 3, 2137
What are the prime factors of 640/(-256)*-248*(-1108)/(-40)?
2, 31, 277
Let k(v) = 1263*v + 6096. What are the prime factors of k(14)?
2, 3, 1321
Suppose 0 = 63*j - 88*j + 75900. What are the prime factors of j?
2, 3, 11, 23
List the prime factors of (-44 - -47)/((-6)/(-7814)).
3907
Suppose 3*x = -x - 4. Let s be (-2 + x - -6) + -2. List the prime factors of 26*s/(-1 + 2).
2, 13
Suppose 5*o - 114 = -5*z - 599, 5*z = 3*o - 493. Let y = 21 - z. Let u = y - 11. List the prime factors of u.
2, 3
Let d = 20727 - -8222. List the prime factors of d.
28949
Suppose 10*v + 17745 = 852455. Suppose -v + 14913 = -59*n. List the prime factors of n.
2, 7, 83
Let c = -47 + 50. Suppose 2*s = 5*s + k - 6, 2*k = c*s - 6. Suppose s*y = 8*y - 624. List the prime factors of y.
2, 13
Let w(x) = 2*x**3 + 11*x**2 - 6*x - 3. Let a(p) = -5*p**3 - 33*p**2 + 17*p + 9. Let m(c) = 3*a(c) + 8*w(c). List the prime factors of m(11).
2, 3
Let l = -20663 + 37803. What are the prime factors of l?
2, 5, 857
Let d = 159 - 155. Suppose 0 = 2*h - d*s - 106, 2*h + 28*s - 107 = 33*s. List the prime factors of h.
3, 17
Suppose 309*c - 103019 - 174257 = 206*c. List the prime factors of c.
2, 673
Let v be (18/(-15))/(4/(-280)). Let o(t) = -1788*t**2 - t + 1790*t**2 + v + 0*t. List the prime factors of o(0).
2, 3, 7
Suppose 4*i + 5*g = 12098, -4*i + g + 5937 + 6149 = 0. List the prime factors of i.
2, 1511
Suppose -233 = -4*w - 9. List the prime factors of 4*7*144/w.
2, 3
Let s(v) = -50*v + 491. List the prime factors of s(-22).
37, 43
Let x be 2*((-7725)/(-10))/5. Suppose b = j + x, -4*b = j + j - 1260. Suppose -3*s - 2*s = -2*o - b, -2*s - 5*o = -102. What are the prime factors of s?
61
Suppose -5*j = -552 + 77. Let o(l) = -6*l**2 + 8*l**2 - j*l + 11 + 8*l**2 + 97*l. List the prime factors of o(4).
179
Let i = -62 + 78. Suppose -i*b + 10*b = -1458. List the prime factors of b.
3
Suppose -111*k + 93710 = -811939. List the prime factors of k.
41, 199
Let b = 23 - 26. What are the prime factors of (-2219)/b - (36/(-27) - -2)?
739
Let g(k) = 8*k + 28. Let d be g(-8). Let x = d - -40. Suppose -r = j + x*r - 28, 2*r - 19 = -3*j. What are the prime factors of j?
3
Suppose 81*j = 184*j - 5158240. What are the prime factors of j?
2, 5, 313
Suppose -2*u = -6*u - 0*u. Suppose u*x + 308 = 2*x. Suppose -4*r + x = 2*w, 0 = -r - 4*w + 3*w + 36. List the prime factors of r.
41
Suppose 34 + 18 = 4*f. Suppose 0 = -12*h + f*h - 45. Let j = -28 + h. What are the prime factors of j?
17
Let d(p) = 85*p + 4. Let y be d(-1). Let k = y - -159. List the prime factors of k.
2, 3, 13
Let f(p) = 510*p + 140. List the prime factors of f(15).
2, 5, 19, 41
Let z = 70 - 158. What are the prime factors of (-4376)/(-14) - z/(-154)?
2, 3, 13
Suppose 0 = 4*a - 142*w + 140*w - 6, -3*a + 4 = -w. Let m(q) = 95*q**3 - q**2 + 1. Let i be m(1). List the prime factors of 8/(-2) + i - a/(-1).
2, 23
Let x = -13857 - -41387. List the prime factors of x.
2, 5, 2753
Let s(m) = 11*m**3 + 249*m**2 - 58*m - 21. List the prime factors of s(10).
11, 3209
What are the prime factors of 1 + 6 - ((-140)/(-14) + -20502)?
3, 6833
Let l(g) = -11*g**3 + 55*g**2 - 29*g + 40. Let z(p) = 5*p**3 - 28*p**2 + 14*p - 20. Let h(v) = -4*l(v) - 9*z(v). List the prime factors of h(31).
11, 61
Let h(r) be the second derivative of 0 - 10*r**2 + 8*r + 1/2*r**3. What are the prime factors of h(13)?
19
Suppose -5*b + 2*q + q = 17526, 5*b + 17518 = -q. What are the prime factors of (33/(-12))/(12/b)?
11, 7